{"id":18631,"date":"2025-05-12T18:31:26","date_gmt":"2025-05-12T16:31:26","guid":{"rendered":"https:\/\/www.topdovoz.sk\/index.php\/produkt\/porsche-992-2-911-carrera-taerokitbosehd-matrix\/"},"modified":"2025-05-13T21:49:14","modified_gmt":"2025-05-13T19:49:14","slug":"porsche-992-2-911-carrera-taerokitbosehd-matrix","status":"publish","type":"product","link":"https:\/\/www.topdovoz.sk\/index.php\/produkt\/porsche-992-2-911-carrera-taerokitbosehd-matrix\/","title":{"rendered":"Porsche 992 -2 (911) Carrera T*AEROKIT*BOSE*HD-MATRIX*"},"content":{"rendered":"<ul>\n<li>Bez klimatizace<\/li>\n<li>Elektrick\u00e9 nastaven\u00ed sedadla<\/li>\n<li>Eletric seat adjustment with memory function<\/li>\n<li>Heated steering wheel<\/li>\n<li>LED running lights<\/li>\n<li>LED sv\u011btlomety<\/li>\n<li>Posilova\u010d \u0159\u00edzen\u00ed<\/li>\n<li>Sound system<\/li>\n<li>Tuner\/r\u00e1dio<\/li>\n<li>Vozidlo po neku\u0159\u00e1kovi<\/li>\n<li>Z\u00e1ruka<\/li>\n<\/ul>\n","protected":false},"excerpt":{"rendered":"<p>Bez klimatizace Elektrick\u00e9 nastaven\u00ed sedadla Eletric seat adjustment with memory function Heated steering wheel LED running lights LED sv\u011btlomety Posilova\u010d \u0159\u00edzen\u00ed Sound system Tuner\/r\u00e1dio Vozidlo po neku\u0159\u00e1kovi Z\u00e1ruka<\/p>\n","protected":false},"featured_media":18615,"comment_status":"closed","ping_status":"closed","template":"","meta":{"_acf_changed":false,"neve_meta_sidebar":"","neve_meta_container":"","neve_meta_enable_content_width":"","neve_meta_content_width":0,"neve_meta_title_alignment":"","neve_meta_author_avatar":"","neve_post_elements_order":"","neve_meta_disable_header":"","neve_meta_disable_footer":"","neve_meta_disable_title":""},"product_cat":[131],"product_tag":[],"class_list":{"0":"post-18631","1":"product","2":"type-product","3":"status-publish","4":"has-post-thumbnail","6":"product_cat-porsche","7":"pa__farba-seda","8":"pa__interier-castecne-v-kuzi-cerna","9":"pa__objem-motora-1923","10":"pa__palivo-benzin-podpora-e10","11":"pa__prevodovka-manualni","12":"pa__vykon-1545","13":"pa__znacka-porsche-992-2-911-carrera-taerokitbosehd-matrix","15":"first","16":"instock","17":"shipping-taxable","18":"purchasable","19":"product-type-simple"},"acf":[],"_links":{"self":[{"href":"https:\/\/www.topdovoz.sk\/index.php\/wp-json\/wp\/v2\/product\/18631","targetHints":{"allow":["GET"]}}],"collection":[{"href":"https:\/\/www.topdovoz.sk\/index.php\/wp-json\/wp\/v2\/product"}],"about":[{"href":"https:\/\/www.topdovoz.sk\/index.php\/wp-json\/wp\/v2\/types\/product"}],"replies":[{"embeddable":true,"href":"https:\/\/www.topdovoz.sk\/index.php\/wp-json\/wp\/v2\/comments?post=18631"}],"version-history":[{"count":0,"href":"https:\/\/www.topdovoz.sk\/index.php\/wp-json\/wp\/v2\/product\/18631\/revisions"}],"wp:featuredmedia":[{"embeddable":true,"href":"https:\/\/www.topdovoz.sk\/index.php\/wp-json\/wp\/v2\/media\/18615"}],"wp:attachment":[{"href":"https:\/\/www.topdovoz.sk\/index.php\/wp-json\/wp\/v2\/media?parent=18631"}],"wp:term":[{"taxonomy":"product_cat","embeddable":true,"href":"https:\/\/www.topdovoz.sk\/index.php\/wp-json\/wp\/v2\/product_cat?post=18631"},{"taxonomy":"product_tag","embeddable":true,"href":"https:\/\/www.topdovoz.sk\/index.php\/wp-json\/wp\/v2\/product_tag?post=18631"}],"curies":[{"name":"wp","href":"https:\/\/api.w.org\/{rel}","templated":true}]}}